 i(f) = 2 + f - 5*f + f**n - f. Calculate i(5).
2
Let w(k) = -k**3 - 2*k**2 + k + 4. Suppose 0 = -f + 8*f + 21. Give w(f).
10
Let y(q) = -4 + 30*q - q**2 - 60*q + 33*q. What is y(3)?
-4
Let v(u) = -6*u + 7. Let i(c) = -c. Let f(s) = 2*i(s) - v(s). Calculate f(5).
13
Let y(p) = 4*p + 1. Let k(v) = -v**3 - 3*v + 3. Let l be k(2). Let r(f) = 0*f - 3*f - f + 5*f. Let w(m) = l*r(m) + 2*y(m). Determine w(2).
-4
Suppose 5*m = 6 - 21. Let a be 5 + (-5)/((-10)/(-6)). Let g(k) = k + a*k - k**2 - 2*k + 4 + 0*k. Determine g(m).
-8
Let g = 57 - 63. Let f(d) = d + 10. Give f(g).
4
Let n(l) = -l**3 + l**2 + 1. Let v(p) = 7*p**3 - 11*p**2 - 7*p - 2. Let q(m) = -6*n(m) - v(m). Let s(g) = -2*g - 12. Let b be s(-9). What is q(b)?
2
Let f(g) = -3*g - 36 + 50 + 2*g. Determine f(7).
7
Let j(b) be the first derivative of b**4/4 - 5*b**3/3 + 3*b**2/2 - 6*b + 2. Suppose 3*d = -2*d - 5, 3*o = 5*d + 8. Let k = 3 + o. Give j(k).
-10
Let i(h) be the second derivative of -h**4/12 + h**3/3 + 2*h. Determine i(4).
-8
Suppose 0 = f - 1, 3*y - y + 4*f = 0. Let o be (1/((-1)/(-2)))/1. Let v(l) = -1 - l**2 + l + 3*l**o + 0*l. Calculate v(y).
5
Let d(a) = -4*a + 1. Suppose 5*g - 21 = -3*i, -3*i = -0*g + 2*g - 12. What is d(i)?
-7
Let y(h) = -10*h**2 + 18*h - 2. Let q(f) = 6*f**2 - 12*f + 0 + f**2 + 1. Let n(l) = -7*q(l) - 5*y(l). Suppose 2*p - 4 - 6 = 0. Calculate n(p).
-2
Suppose -3*v + 1 = -4*v. Let x = v + 7. Let h(n) = n**2 + 0*n**2 - 2*n**2 + x + n. Calculate h(0).
6
Let w(d) = -5*d**2 + 5*d + 1. Let o(h) = 6*h**2 - 5*h. Let s(b) = 4*o(b) + 5*w(b). Give s(5).
5
Let p be -4*-1*(-6)/(-8). Let z(r) be the third derivative of -r**6/120 + r**5/30 + r**4/12 - r**3/2 + 4*r**2. Determine z(p).
-6
Let o(y) = y**2 - 1. Let b = -28 - -30. What is o(b)?
3
Let l(x) = -7*x**2 - 4*x + 3. Let j(s) = -8*s**2 - 3*s + 2. Let y(i) = -3*j(i) + 2*l(i). Determine y(-1).
9
Let d(z) = -3*z. Let u be d(-1). Suppose -p = -4*p - u. Let g(c) be the third derivative of c**6/30 - c**5/60 - c**4/12 - c**3/6 - 15*c**2. Give g(p).
-4
Suppose -17 - 7 = -6*s. Let i(h) be the third derivative of -h**4/24 + 3*h**3/2 - h**2. Determine i(s).
5
Suppose k + 7 = -0*k + 5*i, 4*k = 3*i - 11. Let x = 4 - k. Let f(a) = a**3 - 5*a**2 - 6*a - 2. Give f(x).
-2
Let s(y) = 11*y - 6. Let a(c) = -2*c. Let j(r) = 5*a(r) + s(r). Determine j(3).
-3
Suppose x - 5*x + 2*t = -16, 0 = 5*x - 3*t - 18. Let h(g) = 8*g - 7 + 2 - g**2 - 3. Calculate h(x).
4
Let f(c) = -2*c - 2. Let j(a) = 3*a + 3. Let x(y) = -5*f(y) - 3*j(y). Give x(6).
7
Let n(a) be the second derivative of a**3/6 - 4*a**2 + 10*a. Let o = 7 - 3. What is n(o)?
-4
Let p(s) = -3*s**3 - 6*s**2 + 3*s. Let q(d) = 2*d**3 + 3*d**2 - 2*d. Let g(h) = -3*p(h) - 5*q(h). Suppose 5*b - 12 = 28. Let j = b + -5. What is g(j)?
3
Let x(v) = 2*v - 3. Let k be x(3). Let o(b) = -5 - 4*b**2 + 0*b**k + 0*b + 2*b + b**3 + 7. Give o(3).
-1
Let g be -2*(-1)/(-2)*7. Let n = -5 - g. Let a(p) = p**3 - p**2 + n*p**2 + 2*p + p**2 + 2. What is a(-2)?
-2
Let r(h) = -2*h - 6. Let b be (1 - (4 - 2)) + 2. Let z = b - 6. Calculate r(z).
4
Let h(y) = y + 1. Let o(x) = x + 2. Let a(w) = -2*h(w) + o(w). Determine a(2).
-2
Let p(s) = s - 6. Let n be p(8). Let q(m) = 0*m**2 + 0*m**2 + 2*m**2 - m**3 + n*m. Let d = -2 + 5. Determine q(d).
-3
Let v(i) = 7*i**2 - 10*i - 10. Let d(j) = -3*j**2 + 4*j**2 + j - 1 - 2*j. Let u(o) = 6*d(o) - v(o). Let w be u(4). Let y(k) = k**2 - 6*k + 5. Calculate y(w).
-3
Let z(u) = -1 - 4 + 5*u**2 - 5*u**3 + 4*u**3 - u. Let l(k) = -k**3 + 7*k**2 + k - 3. Let w = -9 + 16. Let n be l(w). Calculate z(n).
7
Let z(v) = -v - 4. Suppose -77 = 4*s - d, -6*s = -s + d + 103. Let o = 13 + s. What is z(o)?
3
Let l(r) = r - 3. Let p(o) = o**2 - 7*o + 1. Let y be p(7). Suppose -5*i = 0, -y = -q + i + 2. Calculate l(q).
0
Let h be (-1)/(-4) - 30/(-8). Let y(z) = -6*z - 1 + 23*z + 6 - 19*z. What is y(h)?
-3
Let g(t) = -3*t**2 - 7*t - 4. Let d(q) = -q**2 - 3*q - 2. Let v(k) = -5*d(k) + 2*g(k). Calculate v(4).
-10
Let a be -3 + 6 - (-1 - 0). Suppose 8*q + 24 = a*q. Let d(b) = b**2 + 7*b - 2. What is d(q)?
-8
Let r(c) = -6*c**3 + 3*c**2 + 5. Let b(m) = -7*m**3 + 3*m**2 + 6. Let y(f) = 5*b(f) - 6*r(f). What is y(3)?
0
Let n(u) = u + 1. Let r = 16 - 9. Let b = -5 + r. Suppose b*y + 2 = 3*s, 3*y + 2*s + 3 = 4*s. Give n(y).
0
Let t(x) = -x + 4. Let r(l) = l + 14. Let j be r(-10). Let k(w) = w**3 - 3*w**2 - 3*w - 2. Let g be k(j). Calculate t(g).
2
Let q(j) = -4*j**2 + 8*j - 9. Let m(u) = 2*u**2 - 4*u + 5. Let h(d) = -7*m(d) - 4*q(d). Calculate h(4).
17
Suppose -2*u - 12 = -0*u. Let w = u + 8. Let m(o) = o + o**w - o**2 + o**3 + o**2. Determine m(-2).
-6
Let r(m) be the third derivative of 0 + 2*m**2 - 1/6*m**3 + 1/30*m**5 + 0*m**4 + 0*m. Give r(-2).
7
Let j(o) = 2*o + 10 - 3 - 4. Suppose 2*n - 3*s + 15 = -2, s - 3 = 0. Give j(n).
-5
Let j(w) be the third derivative of w**5/60 - w**4/6 - w**2. Let m be j(3). Let h(x) = -2*x**2 - 2*x - 1. What is h(m)?
-13
Let z = 21 - 19. Let w(s) = s**3 - 2*s**2 - s. Calculate w(z).
-2
Let h be 3 - (3/1 - -5). Let f(j) be the first derivative of -j**4/12 - j**3 + 3*j**2/2 + 2. Let s(t) be the second derivative of f(t). Determine s(h).
4
Let a = 5 - 3. Let d(b) be the third derivative of 1/120*b**6 - 1/6*b**3 - 1/24*b**4 + b**2 + 0*b + 0*b**5 + 0. Determine d(a).
5
Let m be 82/26 + (-2)/13. Let h = m + -3. Suppose h = 5*t + 8 - 3. Let q(g) = 5*g + 1. Determine q(t).
-4
Let g(a) = -5*a - 7. Let q(b) = -3*b - 4. Let u(z) = -6*g(z) + 11*q(z). Calculate u(3).
-11
Suppose 6 - 10 = 4*o. Let t(b) = -4*b**2 + b + 1. Calculate t(o).
-4
Let i(u) = -u + 5. Let d(g) = 4. Let n(p) = 3*d(p) - 2*i(p). What is n(-3)?
-4
Let h(p) = -3*p. Let f(s) = 4*s + 1. Let x(r) = 2*f(r) + 3*h(r). Suppose 3*a + c = 23, 0 = 4*a + c + 3*c - 44. Give x(a).
-4
Let q(x) = -3*x - 2. Let d(y) = -y**3 + 4*y**2 - 4*y + 1. Let a be d(3). Let j be q(a). Let r(t) = t**3 - 5*t**2 + 6*t - 3. Determine r(j).
5
Let c(m) = 2*m**2 - 3*m + 2. Let p(y) be the first derivative of y**2/2 + 4*y - 2. Let g be p(-4). Let t(s) = s**3 + s**2 + s + 2. Let z be t(g). Give c(z).
4
Let u(w) = -7 - w + 1 + 4. Let n be u(-7). Let x(g) be the second derivative of -g**5/20 + g**4/2 - 2*g**3/3 - 2*g**2 + 2*g. Determine x(n).
1
Let v(i) = 6 - 4 + 1 - i - 4. What is v(2)?
-3
Suppose -5*d = i + 16, d + 0*d = -5*i - 8. Let l(r) = -r**2 - 2*r + 1. Let a(y) = 5*y**2 + 9*y - 3. Let z(t) = -a(t) - 4*l(t). Give z(i).
-1
Suppose -8 = -3*m + 5*m. Let s(k) = k**3 + 4*k**2 - 3*k - 5. Calculate s(m).
7
Let q be (2/3 + -1)*-12. Suppose 4*z - 2 - 2 = -4*d, 3*z = -4*d + 2. Let r(b) = 0 - 2 - 3 + z*b. Give r(q).
3
Suppose -3 = 2*x - 3*x. Let v(d) = -d**3 + d**2 + 4*d + 2. Let o be v(x). Let t(g) = 3 - 4 - 3*g - 4. Determine t(o).
7
Let k(g) be the first derivative of 3*g**2/2 + 5*g + 3. Let j(s) = -s - 4. Let w be j(-4). Suppose w*b + b + 4 = 0. Calculate k(b).
-7
Let c(l) = 22*l**3 - 13*l**2 + 3*l - 7. Let h(i) = 7*i**3 - 4*i**2 + i - 2. Let d(j) = 2*c(j) - 7*h(j). Let u = -38 - -39. What is d(u)?
-4
Let c(r) be the second derivative of -r**3/6 - r**2/2 + 9*r. Calculate c(-2).
1
Let b(l) = -l**3 - 4*l**2 - 1. Suppose m + 45 + 16 = 0. Let n be m/(-6) - (-1)/(-6). Let g be (-1*2)/(5/n). What is b(g)?
-1
Suppose -4*b - 3*u + 10 = -2*b, -2*u = 0. Let y(s) = 2*s + b*s**2 - 2 + 3*s + s**3 + 4 - 6. Determine y(-4).
-8
Let x(w) = -w**2 - 10*w - 16. Let q be x(-4). Let s(t) = -2*t + 8. Calculate s(q).
-8
Suppose 5*z - 8 + 13 = 0. Let r(s) be the second derivative of -2*s**5/5 + s**3/6 + s**2/2 - s. Calculate r(z).
8
Let h(w) = -w**3 + 4*w**2 + 4*w + 4. Let x(s) = s**3 - 4*s**2 - 5*s - 4. Let z(p) = 6*h(p) + 5*x(p). Let q be (9/6 + -1)*8. Determine z(q).
0
Let u(i) be the second derivative of -i**5/20 - i**4/2 - 2*i**3/3 + i**2 - 7*i. What is u(-5)?
-3
Let a(g) = g + 8. Let j be a(6). Suppose -2*s = 2*s - c - 10, 5*s = 2*c + j. Let q = 7 - s. Let u(x) = -x + 5. What is u(q)?
0
Let g(j) be the first derivative of -2/3*j**3 + 0*j**2 - 1/4*j**4 - j + 3. Give g(-2).
-1
Let z(p) be the third derivative of -p**5/24 + p**4/24 - p**3/2 - 9*p**2. Let c(r) be the first derivative of z(r). Calculate c(-2).
11
Let n(k) = -31*k**3 - 2*k**2 + 30*k**3 - 5*k - 6 + 2*k**2 + 6*k**2. Determine n(5).
-6
Let n(r) = -r**3 - r**2 - r - 6. Let g(y) = y. Let v be g(7). Let l = v - 7. Calc